ose -4*p + z = a*z, -8 = -p + z. Suppose -2*j = 2*s - 20, 2*s - 20 = -0*j + 4*j. What is the remainder when s is divided by p?
2
Let d(b) = 9*b + 4. Let h be d(5). Let o = h - 24. Suppose 39 = 2*f + f. Calculate the remainder when o is divided by f.
12
Let j = -35 - -54. Suppose 0 = -3*q - 2*g + 26, j = 2*q + 3*g - 2*g. Suppose 5*s = 78 + 87. Calculate the remainder when s is divided by q.
9
Suppose 2*w + 0*w - 74 = 0. Let c = -18 + w. Calculate the remainder when c is divided by 615/90 - (-2)/12.
5
Calculate the remainder when -36*2*(-2)/8 is divided by 5.
3
Let y(f) = -18*f**2 - 8. Let v(n) = 6*n**2 + 3. Let c(w) = -8*v(w) - 3*y(w). Let a be -2*2/(-4) - 0. Calculate the remainder when 10 is divided by c(a).
4
Let d = 516 - 346. What is the remainder when ((-18)/45)/((-1)/d) is divided by 14?
12
Let i = 36 - 18. Suppose 84 = 10*p + 2*p. Calculate the remainder when i is divided by p.
4
Let c = 0 + 1. Let g = -3 + c. What is the remainder when (-40)/(-3) - g/3 is divided by 5?
4
Let s be (-135)/(-6) + 3/(-2). Let d = 29 - s. What is the remainder when 13 is divided by d?
5
Suppose -23 - 10 = -3*a. What is the remainder when 42 is divided by a?
9
Suppose -10 = 5*n - 25. What is the remainder when 18 is divided by n?
0
Suppose 5*z + 14 = 4, -106 = -3*c - z. What is the remainder when 70 is divided by c?
34
Let h(z) = -z**2 + 2*z + 3. Let g be h(-2). Let q(j) = -j - 4. What is the remainder when q(g) is divided by 1?
0
Let v = 3 + -1. Suppose 2*r - 118 = -v*n, n = -0*n - 3*r + 61. What is the remainder when n is divided by 15?
13
Let k = -121 + 138. What is the remainder when 31 is divided by k?
14
Let p = -93 + 186. Calculate the remainder when p is divided by 16.
13
Calculate the remainder when 47 is divided by 4/(4/11) - (-2 + 3).
7
Let m(x) = -5*x - 6. Let l be (-16)/3 + 6/(-9). Suppose -18 = 3*r - 5*r. Calculate the remainder when m(l) is divided by r.
6
Calculate the remainder when (-90)/(-4)*(-6)/(-9) - -3 is divided by (-1 + 7/(-3))*-3.
8
What is the remainder when 58 is divided by ((-80)/14)/(4/(-14) - 0)?
18
Suppose 3*f - 32 = -2*g, -10 = -2*f - 2. Let o = g + 4. What is the remainder when (-320)/(-6) - (5 + 84/(-18)) is divided by o?
11
Let m(t) = 2*t**2 - 8*t + 12. Calculate the remainder when m(6) is divided by 21.
15
Let m = -3 - 20. Let g = 39 + m. What is the remainder when 115/(-2)*12/(-15) is divided by g?
14
Suppose d + 15 = -2*d - 3*s, -16 = 4*s. Let u = 3 - 2. Calculate the remainder when (-1)/(2*-1 - d) is divided by u.
0
Let o = -5 + 8. Suppose -o*s - 3*q = -12 - 0, -s - 4*q = -7. Let h(v) = -v. What is the remainder when h(-7) is divided by s?
1
Suppose 12 = 3*v - 120. Let t = -23 + v. What is the remainder when t is divided by (11/3)/(8/24)?
10
Suppose -33 = -4*j + 3*o + 77, 0 = -3*j + 3*o + 84. Calculate the remainder when 48 is divided by j.
22
Suppose -2*k = 4*z - 8, k - 7 = -3*z - 1. Calculate the remainder when -7*(0/(-3) - 1) is divided by z.
1
Let m be (-3)/(-5) + 14/10. Suppose 0 = -c + 32 + m. What is the remainder when c is divided by 9?
7
Let n = -7 - -27. Suppose -o + 8 = -50. What is the remainder when o is divided by n?
18
Calculate the remainder when 11*335/25 - (-6)/10 is divided by 30.
28
Suppose 0 = 3*a + q - 88, -5*a - 2*q + 60 = -3*a. Let y = -16 + 24. Calculate the remainder when a is divided by y.
5
What is the remainder when (-1 - 5/1)*-8 is divided by (-5*4/(-8) + -2)*20?
8
Let i(r) = 2 + 6*r**2 - 4*r - r**3 - 3 - 1. Let g be i(5). What is the remainder when 112/24 - (-1)/g is divided by 2?
1
Suppose -3*u = -5*y + 45, -4*y + 16 = 2*u - 42. Let t be (56/y)/((-1)/(-21)). Suppose -2*n = -0*n - t. What is the remainder when n is divided by 17?
15
Let h(q) = 5*q + 6. Let v(m) = -m - 1. Let s(l) = 4*h(l) + 22*v(l). Let r be s(7). What is the remainder when 49 is divided by (r/18)/((-2)/51)?
15
Suppose 2*a - 2*r - 11 - 17 = 0, -3*r + 12 = 0. Calculate the remainder when 67 is divided by a.
13
Suppose 2*o - 7*o - 10 = 0. Let q be (-692)/(-28) + o/(-7). Suppose -z + q = 4*z. What is the remainder when z is divided by 2?
1
Suppose -124 = -4*h - 0*h. Suppose 2*y = 9*y + 126. Let v = y + h. What is the remainder when 38 is divided by v?
12
Let k(r) = r**3 - r**2 - r - 2. Let i be k(2). Suppose -183 = -i*w - 3*w. Calculate the remainder when (w*1)/((-4)/(-4)) is divided by 16.
13
Calculate the remainder when 28 is divided by ((-3)/(-9))/(2/90).
13
Let v = -1 + -1. Let n(k) = -k + 4. What is the remainder when n(3) is divided by (2/4)/(v/(-4))?
0
Let z(g) = g + 8. Let q be z(-6). Suppose -j - 4*s = -30 + 1, -28 = -2*j - q*s. Let v = -14 + 31. What is the remainder when v is divided by j?
8
Suppose 3*r + 7 = -x, -4*r = 3*x - 4 + 10. Suppose -2*m = -3*m + x. What is the remainder when ((-6)/(-14))/((-5)/(-35)) is divided by m?
1
Let n = 0 - 0. Suppose h + n = 3. Calculate the remainder when 7 is divided by h.
1
Let w be 4/(-10) + (-84)/(-10). What is the remainder when 7 is divided by 4*(-1)/(w/(-6))?
1
Suppose -4*m + 224 = -656. Suppose u - m = -4*u. Suppose -6*a + 2*a + q = -64, a + 3*q = 3. What is the remainder when u is divided by a?
14
Let m(h) = 0 + h + 1 - 2*h. Let n be -4 - -1 - (4 - 2). Calculate the remainder when m(n) is divided by 4.
2
Let h = 132 + -100. Calculate the remainder when h is divided by 17.
15
Let l(g) = g**3 + 2*g**2 - 4*g + 1. Let v = -10 + 7. Calculate the remainder when l(v) is divided by (4/2 + -5)*-1.
1
Let p(b) = 2*b**2 + 3. Calculate the remainder when 24 is divided by p(-2).
2
Suppose -3*d - i = -5 - 44, 5*d - 2*i - 67 = 0. Let s = d - 8. Calculate the remainder when 12 is divided by s.
5
Let w(t) = -35*t**3 + t**2 + 2*t + 1. What is the remainder when w(-1) is divided by (-1*3)/((-1)/4)?
11
Let z be (3 - 0)/(6/4). Suppose 4*k + 3*a = z, 0*k + a = -5*k + 8. What is the remainder when 2 is divided by k?
0
Suppose o - 8 = 13. What is the remainder when o is divided by 6?
3
Let v(f) be the third derivative of -f**6/120 - f**5/60 + f**4/24 + f**3/3 - 5*f**2. What is the remainder when v(0) is divided by 1?
0
Suppose -r + 67 = 3*q, 2*r - 90 = -4*q - 0*q. What is the remainder when q is divided by 12?
10
Let m(i) = -10*i + 35. Let z(s) be the second derivative of -s**3/6 + 9*s**2 - s. Calculate the remainder when m(0) is divided by z(0).
17
Calculate the remainder when (156/14)/((-22)/(-154)) is divided by 27.
24
Calculate the remainder when -3 + (95 - 0) + 1 is divided by 32.
29
Suppose 16 = -c + 37. Suppose j - c = -2*j. Let r = -3 + 22. What is the remainder when r is divided by j?
5
Suppose z + 3*q - 31 = -q, 128 = 3*z + 5*q. Calculate the remainder when z is divided by 27.
24
Suppose -w = -6*w - 5. Let m be (-1 + -30)*(w - 0). Let g = m - 16. What is the remainder when 44 is divided by g?
14
Suppose 2*o = d + 97 + 72, 0 = o + d - 83. Suppose 36 = 4*k - o. Suppose w = -3*z + z + 8, -3*z + 16 = 2*w. Calculate the remainder when k is divided by w.
6
Suppose 0 = -i + 1 + 26. Suppose -i = -3*r + 6. Calculate the remainder when (1/(9/(-186)))/(2/(-3)) is divided by r.
9
Suppose -2*n - n = 0. Let g(r) = r + 39. What is the remainder when g(n) is divided by 1 - ((-1)/(-2))/((-4)/72)?
9
Suppose -7*s + 94 - 3 = 0. Calculate the remainder when 193 is divided by s.
11
What is the remainder when (-393)/(-12) + (-5)/(-20) is divided by 9?
6
Let g(z) = -6 - 39*z + 15*z + 23*z. Let a be 47/(-4) - 2/8. What is the remainder when 21 is divided by g(a)?
3
Suppose 3*v = -14 + 5. Let c be ((-1 - 8)/3)/1. Calculate the remainder when 55 is divided by (-33)/9*v - c.
13
Let p = 137 - 38. Calculate the remainder when p is divided by 17.
14
Let z(x) = x**3 - 8*x**2 - 6*x + 1. Calculate the remainder when 83 is divided by z(9).
27
Calculate the remainder when 29 is divided by 1 - 4 - (3 - 16).
9
Let h(k) = -2*k**2 + 4*k**2 + 0*k + 3 - 2 - k. What is the remainder when 4 is divided by h(1)?
0
Let d(v) = -34*v**3 - v - 1. What is the remainder when 66 is divided by d(-1)?
32
What is the remainder when 91 is divided by (-627)/(-27) + 2/(-9)?
22
Let r = 4 - 4. Suppose -3*t - 2*l = -12, r = 2*t - l - 4*l + 11. Suppose 0 = 4*u, 3*o - t*o + 4*u = 25. Calculate the remainder when o is divided by 13.
12
Suppose -2*f - 6 = 0, 0 = 4*m - 2*f - 1 - 17. Suppose -b - 3*k + 29 = 4*b, -m*k = 4*b - 22. Let z = -13 - -26